{"id":161,"date":"2018-04-16T13:41:07","date_gmt":"2018-04-16T11:41:07","guid":{"rendered":"http:\/\/benkhamsa.com\/index.php\/hestia-front\/"},"modified":"2019-11-19T09:52:37","modified_gmt":"2019-11-19T08:52:37","slug":"hestia-front","status":"publish","type":"page","link":"http:\/\/www.benkhamsa.com\/","title":{"rendered":"Front Page"},"content":{"rendered":"<p style=\"text-align: center\">Bas\u00e9 \u00e0 Tunis, notre Cabinet conseille et accompagne tant les particuliers que les professionnels, personnes physiques, entreprises ou institutions, dans divers secteurs d\u2019activit\u00e9.<\/p>\n<p style=\"text-align: center\">Rompue \u00e0 ces mati\u00e8res, avec plus de 30 ans d\u2019exp\u00e9rience pratique de Ma\u00eetre Imed Ben Khamsa, avocat pr\u00e8s la Cour de cassation, notre \u00e9quipe apporte \u00e0 ses clients toute l\u2019assistance dont ils ont besoin, tant en amont pour pr\u00e9parer leurs projets et leur proposer un conseil avis\u00e9, qu\u2019en aval pour leur assurer l\u2019attaque ou la d\u00e9fense de leurs int\u00e9r\u00eats au contentieux.<\/p>\n<p style=\"text-align: center\">Privil\u00e9giant les relations\u00a0<em>senior to senior<\/em>\u00a0propres aux \u00ab boutiques \u00bb avec nos clients, nous nous positionnons toujours \u00e0 leurs c\u00f4t\u00e9s\u00a0 pour d\u00e9finir et prioriser leurs besoins et d\u00e9terminer par la suite la meilleure voie juridique pour y r\u00e9pondre.<\/p>\n<p style=\"text-align: center\">Au fil des ann\u00e9es, Ma\u00eetre Imed Ben Khamsa a \u00e9galement d\u00e9velopp\u00e9 une solide exp\u00e9rience en mati\u00e8re d\u2019Arbitrage interne et international. Il intervient r\u00e9guli\u00e8rement dans le cadre de proc\u00e9dures\u00a0<em>ad hoc<\/em>\u00a0ou de proc\u00e9dures institutionnelles soumises aux r\u00e8glements de la CCI ou d\u2019autres institutions.<\/p>\n","protected":false},"excerpt":{"rendered":"<p>Bas\u00e9 \u00e0 Tunis, notre Cabinet conseille et accompagne tant les particuliers que les professionnels, personnes physiques, entreprises ou institutions, dans divers secteurs d\u2019activit\u00e9. Rompue \u00e0 ces mati\u00e8res, avec plus de 30 ans d\u2019exp\u00e9rience pratique de Ma\u00eetre Imed Ben Khamsa, avocat pr\u00e8s la Cour de cassation, notre \u00e9quipe apporte \u00e0 ses<a class=\"moretag\" href=\"http:\/\/www.benkhamsa.com\/\"> Lire la suite<\/a><\/p>\n","protected":false},"author":1,"featured_media":0,"parent":0,"menu_order":0,"comment_status":"closed","ping_status":"closed","template":"","meta":[],"_links":{"self":[{"href":"http:\/\/www.benkhamsa.com\/index.php\/wp-json\/wp\/v2\/pages\/161"}],"collection":[{"href":"http:\/\/www.benkhamsa.com\/index.php\/wp-json\/wp\/v2\/pages"}],"about":[{"href":"http:\/\/www.benkhamsa.com\/index.php\/wp-json\/wp\/v2\/types\/page"}],"author":[{"embeddable":true,"href":"http:\/\/www.benkhamsa.com\/index.php\/wp-json\/wp\/v2\/users\/1"}],"replies":[{"embeddable":true,"href":"http:\/\/www.benkhamsa.com\/index.php\/wp-json\/wp\/v2\/comments?post=161"}],"version-history":[{"count":3,"href":"http:\/\/www.benkhamsa.com\/index.php\/wp-json\/wp\/v2\/pages\/161\/revisions"}],"predecessor-version":[{"id":620,"href":"http:\/\/www.benkhamsa.com\/index.php\/wp-json\/wp\/v2\/pages\/161\/revisions\/620"}],"wp:attachment":[{"href":"http:\/\/www.benkhamsa.com\/index.php\/wp-json\/wp\/v2\/media?parent=161"}],"curies":[{"name":"wp","href":"https:\/\/api.w.org\/{rel}","templated":true}]}}